). What is the greatest common divisor of i and r?
1
Let o = 837 + -749. What is the highest common factor of 11 and o?
11
Suppose -3*d - 2*d + 45 = 0. Suppose -9*a - 9 = -12*a. Suppose -h - a = -d. Calculate the highest common divisor of 15 and h.
3
Let b = 359 + -269. Calculate the greatest common divisor of b and 10.
10
Let z = 5714 - 5694. Let a(q) = -q**3 + 4. Let j be a(0). What is the greatest common factor of z and j?
4
Let o = -117 - -118. What is the greatest common divisor of 16 and o?
1
Suppose 2*r - r - 208 = 0. Let o = 15 + -12. Suppose -4*v - 4*i - i = -79, 0 = -o*v - i + 73. Calculate the highest common factor of v and r.
26
Suppose s - 29 = -7. Suppose -11*b = 3*b - 770. What is the highest common divisor of s and b?
11
Suppose -2*p - 4*q - 10 = 0, 8 = -5*p + p - 4*q. Let y be p*(0 + -2) - (-13)/1. What is the greatest common factor of y and 44?
11
Let t(m) = -62*m + 548. Let v be t(8). What is the greatest common factor of v and 78?
26
Suppose u = -0*o - 3*o - 3, 3*u + o - 7 = 0. Suppose 2*y = u*l + 38, 0*l - 2*y + 62 = -5*l. Let c = 18 + l. Calculate the greatest common divisor of c and 12.
6
Let v(q) = 67*q**2 - 9*q + 7. Let c be v(1). Calculate the greatest common factor of c and 85.
5
Suppose 8 = -a + 10. Let j(p) = -p**3 + 2*p**2 + 4*p. Let k be j(3). Suppose -k*q - 11 = -26. Calculate the greatest common factor of q and a.
1
Let u(s) = -s + 14. Let g be u(13). Suppose -4*f + 25 = -x, -2*f + 14 = -x - g. Suppose 0*q - f*q = -200. Calculate the highest common divisor of 100 and q.
20
Let v(k) = -k**3 + 4*k**2 - 3*k + 17. Let l be v(0). Let r = -26 - -162. Calculate the greatest common divisor of r and l.
17
Let r = -18 - -78. Let d = r + 9. Let c(h) = h**3 + 6*h**2 - 4*h + 1. Let k be c(-5). What is the greatest common divisor of k and d?
23
Let j(t) = t**3 + t**2 + 3*t - 5. Let d be j(3). Suppose -c + 6*c - d = 0. Calculate the highest common factor of c and 88.
8
Let p be (-2)/((-2)/4*4). Calculate the highest common divisor of p and 8.
1
Suppose 0 = -8*o + 12*o + 12, 4*o - 736 = -4*g. Calculate the highest common divisor of 88 and g.
11
Let u(s) = -4*s - 8. Let n be u(-6). Let y be ((-28)/4 - -7)*1/2. Suppose 2*r - 8 = y, -3*r = 2*l - 119 - 21. What is the highest common divisor of l and n?
16
Suppose -21 = 5*f + 49. Let r be -4 + 1080/21 - (-6)/f. Calculate the greatest common factor of 188 and r.
47
Let f(b) = 6*b**2 - 12*b + 16. Let l be f(-6). What is the highest common factor of l and 64?
16
Let d = -146 - -155. Calculate the highest common factor of d and 252.
9
Suppose -3*p - 38 = -6*p + 2*h, 4*h - 24 = -4*p. Suppose -p*w = -7*w. Let n be w/2 + 3 - -30. What is the greatest common divisor of 22 and n?
11
Suppose 36*d - 72 = 27*d. Calculate the greatest common divisor of 52 and d.
4
Let v(l) = l + 16. Let q be v(-15). Let g be (-1)/q*(1 + -5). Suppose 9 = s - 3*p, -g*s + 5*p + 2 = -34. Calculate the highest common factor of 3 and s.
3
Let s(l) = l. Let o be s(2). Suppose -4*d = 2*a - 4, -59*d + 55*d + 28 = 5*a. Suppose -36 = -o*y - a. What is the greatest common divisor of 14 and y?
14
Suppose -2*k - 19 = -49. Let t(j) = -2*j**2 - 8*j**3 - 12 + 7*j**3 + 3*j**2 - 14*j**2 - 18*j. Let q be t(-12). Calculate the greatest common factor of q and k.
15
Let j = 416 - 200. What is the greatest common divisor of j and 288?
72
Let z(v) = -6*v**3 - 2*v**2. Let q be z(-3). Let n be 6/(-8) + (-3)/(-4). Suppose -3*d = 2*d - a - 90, a = n. Calculate the highest common factor of d and q.
18
Suppose -5*k + 1 = -9. Suppose k = 3*m - 1. Let n(v) = -v**2 - 4*v + 2. Let x be n(-3). Calculate the highest common divisor of x and m.
1
Let q(y) = 3*y**2 + y + 4. Let n be q(-3). Let h be (3/(-9) - 3)*(-6)/5. Calculate the greatest common factor of n and h.
4
Suppose -2*z + 6 = -3*q - 0*q, 4*q + 12 = 4*z. Let j(y) = y**3 - y**2 + 24. Let n be j(q). What is the highest common divisor of n and 6?
6
Let g(o) = 7*o**2 + 2*o + o**3 - 6*o**2 - 1 + 7. Let k be g(3). What is the highest common factor of 6 and k?
6
Suppose x + 105 = 8*x. Let a be (12/x*21)/(3/10). Let h be 54/8 - (-2)/8. Calculate the highest common divisor of h and a.
7
Let n be 0 - (-11)/((-22)/140). Let f = -32 - n. Let j = f - -88. Calculate the highest common divisor of j and 18.
18
Suppose k + 4*q + 7 = 4*k, -3*k = -q - 13. Suppose -k*o = -3*o + 216. Let c be (o/60)/((-2)/50). Calculate the highest common factor of c and 15.
15
Let b(f) = -25*f**3 - 2*f**2 - f. Let y be b(-1). Let m = y + -21. Calculate the greatest common divisor of 6 and m.
3
Let f = -5520 - -5597. Let a be 4/14 - (-150)/14. Calculate the highest common factor of f and a.
11
Suppose 0 = 2*d - 8, 4*i + d = -96 + 328. Suppose 0 = 2*t + 1 - i. Let v be (t/(-3))/((-4)/42). What is the highest common factor of 14 and v?
14
Suppose -26*d + 570 = -16*d. What is the highest common factor of d and 513?
57
Let w be ((-3321)/82)/(2/(-20)). Calculate the highest common divisor of w and 15.
15
Let k(o) = -2*o + 68. Let z(x) = x - 45. Let d(h) = 5*k(h) + 8*z(h). Let j be d(-17). Calculate the greatest common factor of 14 and j.
14
Let s(w) = w**2 - w + 1. Let p be s(2). Suppose -4*x + 164 = -4*y, -p*y = 3*x - y - 98. Let v = x - 25. Calculate the greatest common factor of v and 121.
11
Let l = -15 - -36. Suppose -w + 11 = -2*c + 5*c, -5*w - l = -4*c. Suppose v - c*v + 117 = 0. What is the highest common divisor of 13 and v?
13
Suppose 4*b - 277 = 5*s - 86, -4*b + 3*s = -201. What is the greatest common divisor of b and 3?
3
Let v = 3072 + -3070. Let w be (2 - 52)*(-1)/(-2). Let c = 47 + w. Calculate the highest common divisor of v and c.
2
Suppose -2*g + 4*g = 10. Let q = 11 - g. Let k be (-1389)/(-21) - 2/14. Calculate the greatest common factor of q and k.
6
Suppose -13*t + 165 = 5*a - 8*t, 4*a = -5*t + 129. Calculate the greatest common factor of a and 396.
36
Let u be (-117)/(-52)*(-688)/(-3). What is the greatest common divisor of 12 and u?
12
Let d(s) = s**3 + 10*s**2 + 6*s - 3. Let o be d(-9). Suppose 2*u = -3*u + 20. Calculate the greatest common factor of o and u.
4
Suppose -7*y = -10928 + 3200. Calculate the highest common divisor of y and 48.
48
Let y = -367 + 387. Calculate the greatest common factor of 100 and y.
20
Let o = -98 + 193. Calculate the highest common divisor of o and 19.
19
Suppose -22*d + 50*d = 3528. What is the greatest common factor of 70 and d?
14
Suppose 0 = -77*o - 154 + 1694. What is the highest common factor of 5 and o?
5
Suppose 3*n + 4*n = 105. Let y(o) = -o**2 + 14*o + 28. Let q be y(n). What is the greatest common factor of 52 and q?
13
Let i = -14 + 96. Let c be ((-4)/3)/(4/168). Let n = c + i. Calculate the highest common factor of n and 13.
13
Let l be 174/18*372/4. Calculate the highest common factor of l and 29.
29
Let c be (-4)/((-16)/(-66))*(-14)/3. Calculate the greatest common divisor of 847 and c.
77
Suppose -6*l = 4814 - 6074. What is the highest common factor of l and 435?
15
Suppose 3*s - 3*t = 12, 0 = -4*s + 2*s + 4*t + 14. Let x be 38*s*(-51)/(-34). Suppose 0 = g - 44 + 6. Calculate the highest common factor of g and x.
19
Suppose 496 - 64 = 4*z. Let x(b) = 2*b**2 + 3*b + 7. Let m be x(5). Calculate the highest common divisor of z and m.
36
Let y = 7 - 11. Let v(k) = k**2 + 5*k + 6. Let c be v(y). Suppose -l - c*a + 5*a + 6 = 0, 0 = -2*l + 2*a + 8. What is the greatest common divisor of 12 and l?
3
Let r(n) = 5*n**2 + n + 66. Let g be r(10). Calculate the greatest common divisor of g and 80.
16
Let q = -192 + 940. Suppose q = 3*z + 4*g, 5*z + g + 302 - 1543 = 0. What is the highest common divisor of 31 and z?
31
Let o(d) = 72*d**2 + 10 - 69*d**2 + d - 4*d. Let u be o(6). Calculate the highest common factor of u and 40.
20
Let f(d) = d + 47. Let t be f(-43). Calculate the greatest common factor of 13 and t.
1
Let n = 99 + -96. Suppose c + 3 = -5*s + 6, 28 = n*c - 4*s. Calculate the greatest common factor of 96 and c.
8
Suppose -4*l + l = -9. Suppose 5*v - g = 223, -4*g = l*v - 94 - 49. Suppose -3*o + 7*o - 120 = 0. What is the greatest common factor of v and o?
15
Suppose -2*r + l + 3 = 0, -r - 2*l = 4*r + 15. Let h = r + 5. Calculate the highest common divisor of 32 and h.
4
Let d be (-3)/(-2) - (-4)/8. Suppose 232 = d*y - 2*q, -3*q - q - 576 = -5*y. Calculate the